{"id":200,"date":"2025-10-14T15:02:27","date_gmt":"2025-10-14T15:02:27","guid":{"rendered":"https:\/\/www.alapla.org\/?post_type=acta&#038;p=200"},"modified":"2026-04-10T18:56:07","modified_gmt":"2026-04-10T18:56:07","slug":"ata-final-de-conclusoes-das-deliberacoes-sobre-o-estatuto-da-associacao-latino-americana-de-advocacias-e-procuradorias-de-estado-alap-2018","status":"publish","type":"acta","link":"https:\/\/www.alapla.org\/pt\/acta\/ata-final-de-conclusoes-das-deliberacoes-sobre-o-estatuto-da-associacao-latino-americana-de-advocacias-e-procuradorias-de-estado-alap-2018\/","title":{"rendered":"Ata Final de conclus\u00f5es das delibera\u00e7\u00f5es sobre o Estatuto da Associa\u00e7\u00e3o Latino-Americana de Advocacias e Procuradorias de Estado (ALAP) | 2018 [Portugu\u00eas]"},"template":"","class_list":["post-200","acta","type-acta","status-publish","hentry"],"_links":{"self":[{"href":"https:\/\/www.alapla.org\/pt\/wp-json\/wp\/v2\/acta\/200","targetHints":{"allow":["GET"]}}],"collection":[{"href":"https:\/\/www.alapla.org\/pt\/wp-json\/wp\/v2\/acta"}],"about":[{"href":"https:\/\/www.alapla.org\/pt\/wp-json\/wp\/v2\/types\/acta"}],"wp:attachment":[{"href":"https:\/\/www.alapla.org\/pt\/wp-json\/wp\/v2\/media?parent=200"}],"curies":[{"name":"wp","href":"https:\/\/api.w.org\/{rel}","templated":true}]}}

Ata Final de conclusões das deliberações sobre o Estatuto da Associação Latino-Americana de Advocacias e Procuradorias de Estado (ALAP) | 2018 [Português]
