{"id":202,"date":"2025-10-14T15:03:55","date_gmt":"2025-10-14T15:03:55","guid":{"rendered":"https:\/\/www.alapla.org\/?post_type=acta&#038;p=202"},"modified":"2026-04-10T18:56:02","modified_gmt":"2026-04-10T18:56:02","slug":"acta-final-de-conclusiones-de-las-deliberaciones-del-estatuto-de-la-asociacion-latinoamericana-de-abogacias-y-procuradurias-de-estado-alap-2018","status":"publish","type":"acta","link":"https:\/\/www.alapla.org\/pt\/acta\/acta-final-de-conclusiones-de-las-deliberaciones-del-estatuto-de-la-asociacion-latinoamericana-de-abogacias-y-procuradurias-de-estado-alap-2018\/","title":{"rendered":"Acta Final de conclusiones de las deliberaciones del Estatuto de la Asociaci\u00f3n Latinoamericana de Abogac\u00edas y Procuradur\u00edas de Estado (ALAP) | 2018 [Espa\u00f1ol]"},"template":"","class_list":["post-202","acta","type-acta","status-publish","hentry"],"_links":{"self":[{"href":"https:\/\/www.alapla.org\/pt\/wp-json\/wp\/v2\/acta\/202","targetHints":{"allow":["GET"]}}],"collection":[{"href":"https:\/\/www.alapla.org\/pt\/wp-json\/wp\/v2\/acta"}],"about":[{"href":"https:\/\/www.alapla.org\/pt\/wp-json\/wp\/v2\/types\/acta"}],"wp:attachment":[{"href":"https:\/\/www.alapla.org\/pt\/wp-json\/wp\/v2\/media?parent=202"}],"curies":[{"name":"wp","href":"https:\/\/api.w.org\/{rel}","templated":true}]}}

Acta Final de conclusiones de las deliberaciones del Estatuto de la Asociación Latinoamericana de Abogacías y Procuradurías de Estado (ALAP) | 2018 [Español]
