{"id":204,"date":"2025-10-29T15:05:11","date_gmt":"2025-10-29T15:05:11","guid":{"rendered":"https:\/\/www.alapla.org\/?post_type=acta&#038;p=204"},"modified":"2026-04-10T18:55:38","modified_gmt":"2026-04-10T18:55:38","slug":"ata-final-da-ii-assembleia-geral-extraordinaria-da-associacao-latino-americana-dos-ministerios-publicos-e-procuradorias-estaduais-alap-2022","status":"publish","type":"acta","link":"https:\/\/www.alapla.org\/pt\/acta\/ata-final-da-ii-assembleia-geral-extraordinaria-da-associacao-latino-americana-dos-ministerios-publicos-e-procuradorias-estaduais-alap-2022\/","title":{"rendered":"Ata Final da II Assembleia Geral Extraordin\u00e1ria da Associa\u00e7\u00e3o Latino-Americana dos Minist\u00e9rios P\u00fablicos e Procuradorias Estaduais (ALAP) | 2022 [Portugu\u00eas]"},"template":"","class_list":["post-204","acta","type-acta","status-publish","hentry"],"_links":{"self":[{"href":"https:\/\/www.alapla.org\/pt\/wp-json\/wp\/v2\/acta\/204","targetHints":{"allow":["GET"]}}],"collection":[{"href":"https:\/\/www.alapla.org\/pt\/wp-json\/wp\/v2\/acta"}],"about":[{"href":"https:\/\/www.alapla.org\/pt\/wp-json\/wp\/v2\/types\/acta"}],"wp:attachment":[{"href":"https:\/\/www.alapla.org\/pt\/wp-json\/wp\/v2\/media?parent=204"}],"curies":[{"name":"wp","href":"https:\/\/api.w.org\/{rel}","templated":true}]}}

Ata Final da II Assembleia Geral Extraordinária da Associação Latino-Americana dos Ministérios Públicos e Procuradorias Estaduais (ALAP) | 2022 [Português]
