{"id":206,"date":"2025-10-29T15:06:45","date_gmt":"2025-10-29T15:06:45","guid":{"rendered":"https:\/\/www.alapla.org\/?post_type=acta&#038;p=206"},"modified":"2026-04-10T18:55:31","modified_gmt":"2026-04-10T18:55:31","slug":"acta-final-de-la-ii-asamblea-general-extraordinaria-de-la-asociacion-latinoamericana-de-abogacias-y-procuradurias-del-estado-alap-2022","status":"publish","type":"acta","link":"https:\/\/www.alapla.org\/pt\/acta\/acta-final-de-la-ii-asamblea-general-extraordinaria-de-la-asociacion-latinoamericana-de-abogacias-y-procuradurias-del-estado-alap-2022\/","title":{"rendered":"Acta Final de la II Asamblea General Extraordinaria de la Asociaci\u00f3n Latinoamericana de Abogac\u00edas y Procuradur\u00edas del Estado (ALAP) | 2022 [Espa\u00f1ol]"},"template":"","class_list":["post-206","acta","type-acta","status-publish","hentry"],"_links":{"self":[{"href":"https:\/\/www.alapla.org\/pt\/wp-json\/wp\/v2\/acta\/206","targetHints":{"allow":["GET"]}}],"collection":[{"href":"https:\/\/www.alapla.org\/pt\/wp-json\/wp\/v2\/acta"}],"about":[{"href":"https:\/\/www.alapla.org\/pt\/wp-json\/wp\/v2\/types\/acta"}],"wp:attachment":[{"href":"https:\/\/www.alapla.org\/pt\/wp-json\/wp\/v2\/media?parent=206"}],"curies":[{"name":"wp","href":"https:\/\/api.w.org\/{rel}","templated":true}]}}

Acta Final de la II Asamblea General Extraordinaria de la Asociación Latinoamericana de Abogacías y Procuradurías del Estado (ALAP) | 2022 [Español]
