{"id":210,"date":"2025-10-29T15:08:12","date_gmt":"2025-10-29T15:08:12","guid":{"rendered":"https:\/\/www.alapla.org\/?post_type=acta&#038;p=210"},"modified":"2026-04-10T18:55:08","modified_gmt":"2026-04-10T18:55:08","slug":"acta-de-la-asamblea-extraordinaria-de-la-asociacion-latinoamericana-de-abogacias-y-procuradurias-del-estado-alap-2025","status":"publish","type":"acta","link":"https:\/\/www.alapla.org\/pt\/acta\/acta-de-la-asamblea-extraordinaria-de-la-asociacion-latinoamericana-de-abogacias-y-procuradurias-del-estado-alap-2025\/","title":{"rendered":"Acta de la Asamblea Extraordinaria de la Asociaci\u00f3n Latinoamericana de Abogac\u00edas y Procuradur\u00edas del Estado (ALAP) | 2025 [Espa\u00f1ol]"},"template":"","class_list":["post-210","acta","type-acta","status-publish","hentry"],"_links":{"self":[{"href":"https:\/\/www.alapla.org\/pt\/wp-json\/wp\/v2\/acta\/210","targetHints":{"allow":["GET"]}}],"collection":[{"href":"https:\/\/www.alapla.org\/pt\/wp-json\/wp\/v2\/acta"}],"about":[{"href":"https:\/\/www.alapla.org\/pt\/wp-json\/wp\/v2\/types\/acta"}],"wp:attachment":[{"href":"https:\/\/www.alapla.org\/pt\/wp-json\/wp\/v2\/media?parent=210"}],"curies":[{"name":"wp","href":"https:\/\/api.w.org\/{rel}","templated":true}]}}

Acta de la Asamblea Extraordinaria de la Asociación Latinoamericana de Abogacías y Procuradurías del Estado (ALAP) | 2025 [Español]
