{"id":68,"date":"2025-10-15T14:02:18","date_gmt":"2025-10-15T14:02:18","guid":{"rendered":"https:\/\/www.alapla.org\/?post_type=acta&#038;p=68"},"modified":"2026-04-10T18:55:49","modified_gmt":"2026-04-10T18:55:49","slug":"primer-periodo-extraordinario-de-sesiones-de-la-asamblea-general-de-la-asociacion-de-abogacias-y-procuradurias-de-estado","status":"publish","type":"acta","link":"https:\/\/www.alapla.org\/pt\/acta\/primer-periodo-extraordinario-de-sesiones-de-la-asamblea-general-de-la-asociacion-de-abogacias-y-procuradurias-de-estado\/","title":{"rendered":"Primer Periodo Extraordinario de Sesiones de la Asamblea General de la Asosciaci\u00f3n de Abogac\u00edas y Procuradur\u00edas de Estado | 2019 [Espa\u00f1ol]"},"template":"","class_list":["post-68","acta","type-acta","status-publish","hentry"],"_links":{"self":[{"href":"https:\/\/www.alapla.org\/pt\/wp-json\/wp\/v2\/acta\/68","targetHints":{"allow":["GET"]}}],"collection":[{"href":"https:\/\/www.alapla.org\/pt\/wp-json\/wp\/v2\/acta"}],"about":[{"href":"https:\/\/www.alapla.org\/pt\/wp-json\/wp\/v2\/types\/acta"}],"wp:attachment":[{"href":"https:\/\/www.alapla.org\/pt\/wp-json\/wp\/v2\/media?parent=68"}],"curies":[{"name":"wp","href":"https:\/\/api.w.org\/{rel}","templated":true}]}}

Primer Periodo Extraordinario de Sesiones de la Asamblea General de la Asosciación de Abogacías y Procuradurías de Estado | 2019 [Español]
